 120. Give k(s).
5
Let o(f) = f**3 - 6*f**2 + 5*f + 3. Let g be (3 - 2/1) + 3 + 0. Suppose -5*y + y + h = -17, 0 = 4*y - g*h - 20. What is o(y)?
-9
Let m(l) = 63*l + 36. Let v be m(9). Let n = 603 - v. Let d(r) = -3*r**2 - 3*r + 1. Let w(a) = -4*a**2 - 4*a + 2. Let i(s) = -3*d(s) + 2*w(s). Determine i(n).
1
Suppose -6*s - 55*s - 84 = -23. Let t(h) = 30*h**3 + 3*h**2 - h + 4. Let y(l) = l**2 + 1. Let w(n) = -t(n) + 4*y(n). What is w(s)?
30
Suppose -50*l + 1959 = -16991. Let p = l - 389. Let y(q) = -q - 12. Calculate y(p).
-2
Suppose 28 + 56 = 14*u. Suppose 2*o - u*a + a - 13 = 0, -3*o = -2*a - 3. Let n(r) = -r - 6*r - r - 1. What is n(o)?
7
Let s(h) = -338*h - 340*h - 80 + 1365*h - 341*h - 343*h. Calculate s(32).
16
Let f(r) = 4*r - 12. Let d(j) = -2*j + 5. Let c(b) = -14*d(b) - 6*f(b). Let n be -9*4/(11 + 1). Determine c(n).
-10
Let g(l) = l - 10. Suppose -3*p + 41 = 2. Let w = 68 + p. Let x = -75 + w. Give g(x).
-4
Let o(l) = 3*l - 4. Let b(y) = 2*y - 3. Let r(w) = 3*b(w) - 4*o(w). Calculate r(-4).
31
Let b(z) be the third derivative of -z**7/2520 - z**6/90 - 7*z**5/120 - z**4/8 - 5*z**3/6 + 10*z**2. Let r(j) be the second derivative of b(j). Determine r(-7).
0
Suppose 3*u - 5*u = 0. Let a(k) = -4*k**2 - 3*k**2 + u*k**2 + k**3 + k**2 - 7 - 4*k. Give a(6).
-31
Let g(z) be the third derivative of -z**5/30 + z**3/6 - 28*z**2. Let l(f) = 3*f**2 - 4*f - 33. Let b be l(4). Give g(b).
-1
Suppose -4*y + y + 2*t - 9 = 0, -y + 5*t = -10. Let u(i) = -6*i**2 - 41*i - 118. Let j(b) = 2*b**2 + 13*b + 34. Let n(l) = -7*j(l) - 2*u(l). Determine n(y).
-7
Let i = -154 - -158. Let v(o) = -o**3 - 38 - i*o + 2*o**3 + 36 - 2*o**2 - o**2. What is v(-2)?
-14
Let x(i) = -34*i + 7. Let h be ((-15)/(-10))/(3/(-12)*2). Calculate x(h).
109
Let m(c) = 22*c**2 - 5*c - 1. Let w(l) = 41*l**2 - 9*l - 2. Let z(r) = -11*m(r) + 6*w(r). Let y = -26 + 28. Suppose y*q - 6 = -10. Determine z(q).
13
Let w(q) = -q**2 - 27. Let p(v) = v**2 + 5578 - 2*v + 16*v - 5530. Let t be p(-8). Determine w(t).
-27
Let f(i) = -36*i + 20. Let a(d) = 66*d - 39. Let g(q) = -5*a(q) - 9*f(q). Calculate g(9).
-39
Let d(n) = -2*n + 10. Let t be d(7). Let v(b) = -4*b**2 + 5*b**2 + 4374*b - 4370*b. What is v(t)?
0
Let i(j) = 7*j - 9. Let a(c) = 3*c - 5. Let y(f) = -9*a(f) + 4*i(f). Let m = -145811 - -145793. Determine y(m).
-9
Let j(h) be the second derivative of 1/2*h**2 + 12*h + 10/3*h**3 + 0. Calculate j(1).
21
Let w(n) = -3*n - 30. Let b be w(-15). Let l be 70/b - 4 - (-13)/3. Let f(c) = -c**3 + 7*c**2 - 6*c. Give f(l).
20
Let a(j) = j**3 - 5*j**2 - 5*j + 3. Suppose -5*c - 20*k + 19*k = -28, 2*c - k = 0. Give a(c).
-33
Let c(i) = 105*i**2 - 11*i + 13. Let q(s) = 37*s**2 - 4*s + 4. Let v(d) = 6*c(d) - 17*q(d). Calculate v(-6).
34
Let w(y) = 17*y + y**2 + 97 + 2 - 91. What is w(-11)?
-58
Let i(m) be the first derivative of m**6/120 + m**4/24 + m**3/3 + 22*m**2 + 140. Let c(v) be the second derivative of i(v). Give c(0).
2
Let s(g) be the third derivative of 8*g**2 - 1/120*g**6 - 1/2*g**3 + 1/8*g**4 + 3*g + 1/20*g**5 + 0. What is s(4)?
-7
Let d be (-1 - 4)*(1 + -2). Let v(t) = -2*t**2 + 0 + 5 - t**3 - 2 + 4*t + 4. Let i(u) = u**2. Let s(j) = 6*i(j) + v(j). What is s(d)?
2
Let b(q) = -q - 15. Let x(u) = -u + 1. Let s(w) = b(w) - 2*x(w). Let p = 21713 - 21705. What is s(p)?
-9
Let a(t) = 7*t**2 - 21*t + 8. Let o = 15236 - 15234. Calculate a(o).
-6
Let l(r) = -2*r**2 + 3*r**2 + r**2 - 269 + 266 + 3*r. Let o(u) = u**2 + 4*u - 3. Let f be o(-5). Calculate l(f).
11
Suppose 5*p - 32 = t, -1 - 1 = -p - 2*t. Let x(m) = -5*m**2 - 568050 + m**3 - m - 5*m + 568044. Calculate x(p).
-6
Let c(j) = -2*j**2 - 13*j - 21. Let f be c(-5). Let p(z) = 383*z + z**2 - 383*z + 1. Let n(l) = 6*l - 1. Let u(o) = n(o) + p(o). Give u(f).
0
Let j(d) = -7*d - 6. Let k(p) = -17*p - 15. Let y(h) = 35*h + 31. Let q(c) = 9*k(c) + 4*y(c). Let l(u) = -11*j(u) + 6*q(u). Determine l(5).
-5
Let d(m) = -4*m**3 + 6*m**2 + m - 2. Let l(g) = -7*g**3 + 10*g**2 + 2*g - 4. Let c(b) = -5*d(b) + 3*l(b). Suppose 10 = -t - 4*t. Give c(t).
4
Suppose -4*z = l - 10, 0 = -7*l + 8*l - z. Let m(w) = w + 2*w - 4 + 2. What is m(l)?
4
Let r(q) = -3*q**2 - 3 - q**2 + 5*q**2 + 5*q. Let t(b) = b**3 + 13*b**2 + b - 12. Let y be t(-6). Suppose -216 + y = -3*j. Determine r(j).
3
Let u(m) be the second derivative of -m**4/12 + 4*m**3/3 + 61*m**2 + 20*m + 38. Determine u(-8).
-6
Let t(n) = -9*n - 2 + 16*n**2 - 15*n**2 + 13. Suppose 2*j - 53 = -35. What is t(j)?
11
Let m be (9*1 - 6039/495)/((-4)/10). Let x(o) = o + 3. Calculate x(m).
11
Let m(n) = 2*n + 1. Let z(h) = 4*h - 21. Let g be z(6). Suppose 9*l - g*d - 30 = 12*l, 0 = -5*l + d - 32. Give m(l).
-13
Let q(m) = -4*m + 6. Let z(j) be the second derivative of -j**3/6 + j**2/2 + 28*j. Let g(f) = q(f) - 5*z(f). Determine g(-1).
0
Let m be ((-3)/6*9 - -1)*(-144)/504. Let w(d) = 28*d + 18. Calculate w(m).
46
Suppose -387*l + 185 + 110 = -1253. Let m(d) = -d**3 + 7*d**2 - 10*d - 8. What is m(l)?
0
Let f(j) = -2*j + 15. Let z be f(7). Let a(q) = 3 + 1 + 2 + 5*q - 7 + 2. Determine a(z).
6
Let b(s) = s**3 - 11*s**2 + 38*s - 13. Let d(r) = 163*r - 4884. Let w be d(30). Calculate b(w).
35
Let g(j) be the second derivative of j**5/20 + 17*j**4/12 - 13*j**3/2 - 21*j**2/2 + 1464*j. What is g(-19)?
-2
Let s(h) = h**3 - 7*h**2 - 6*h + 15. Let o be s(8). Let u = 34 - o. Let j(v) = -5 + 2*v + 3 + 0*v**3 - 5 + 6*v**2 + v**u. Calculate j(-5).
8
Suppose 16*n - 84 = 4*n. Let x(v) = 5*v. Let r(p) = -4*p - 1. Let l(o) = -6*r(o) - 5*x(o). Calculate l(n).
-1
Let o = 97 + -106. Let t(w) = w**3 + 8*w**2 - 6*w - 10. Calculate t(o).
-37
Let c(x) = 3*x**2 - 18*x + 6. Suppose -26*q + 38 + 144 = 0. Determine c(q).
27
Let o(u) = 9*u + 14. Let a(q) = -17*q - 13. Let r(x) = -2*a(x) - 3*o(x). Determine r(4).
12
Let m(t) = 9*t - 74. Let l be m(9). Let f be ((-2)/l)/((-3)/(-21)). Let a(h) = -h**2 - 2*h + 2. Determine a(f).
2
Let j(i) = 2*i**2 + 9*i + 14. Let w be 3/2*8/(-3). Let f be j(w). Let v(t) = -t - 7. Determine v(f).
-17
Suppose -5*l = f - 3*f - 28, 0 = 3*l + 3*f. Let j(b) = -2 + l + 4 - 12*b + 4*b + 6*b. Let w = 4 - 0. Calculate j(w).
-2
Suppose 15 = 6*o - o - 3*w, -4*o + 3*w = -12. Let q(s) = -3 + o - 1 - 12*s + 8*s. Let f be 4/(-3)*(1 - (-2)/4). Give q(f).
7
Let o(v) = v**3 - 9*v**2. Suppose -2*d - 127 - 29 = k, -d - 2*k = 81. Let m be 12 + (19/(-7) - (-22)/d). Determine o(m).
0
Let l(w) = -w + 1. Let u(p) = p**3 + p**2 - 2*p - 3. Let c(o) = o**2 + 6*o + 8. Let j be c(-5). Let k be u(j). Let n = k - 20. Calculate l(n).
-6
Suppose -28 = -5*u - 8. Let j(m) = -4*m**3 - 4*m**2 + 2*m + 5*m**3 - u*m**3 + 2 + 4*m**3. Let q = 30133 + -30131. Calculate j(q).
-2
Let h be (-104)/(-18) - (-6)/27. Let l be (-25)/10*h/(-5). Let y be 0*l*3/(-9). Let s(b) = -b**2 - b + 6. What is s(y)?
6
Let r(m) be the third derivative of 0*m - 1/15*m**5 + 1/120*m**6 - 2/3*m**3 + 0 - 1/6*m**4 - 104*m**2. What is r(5)?
1
Let o(w) = 8*w**3 + w**2. Suppose -18*q + 19*q - 101 = 0. Let h = 62 - q. Let n be h/(-13)*(-2)/(-6). Give o(n).
9
Suppose -5*s = b + 29, -13 = -s - 12*b - 7. Let i(t) = 39*t + 235. Calculate i(s).
1
Let a(l) be the first derivative of 5*l**6/24 + l**5/30 - l**3/6 - 105*l**2/2 - 49. Let h(w) be the second derivative of a(w). What is h(1)?
26
Let z be (-9 - -72)*(-1)/3. Let s(u) = u**3 + 20*u**2 - 26*u - 103. Calculate s(z).
2
Let v(r) be the first derivative of 3*r + 1/2*r**2 + 28. Calculate v(4).
7
Let r(s) = -15*s + 3. Let c(l) = 255*l - 1781. Let i be c(7). Determine r(i).
-57
Let b(n) be the second derivative of 41/2*n**2 - 36*n + 0 - 7/6*n**3 + 1/12*n**4. Let l(d) be the first derivative of b(d). Give l(10).
13
Let r(u) be the second derivative of u**5/120 + 7*u**4/24 + 5*u**3 + 30*u. Let b(a) be the second derivative of r(a). Calculate b(-6).
1
Let x(f) = 2*f**2 + 19*f + 20. Let t(l) = l**2 - 64*l - 9. Let s be t(0). Calculate x(s).
11
Let h be ((-51)/15 - -3) + (-29)/((-725)/(-240)). Let m(d) = -d**2 - 11*d - 10. Give m(h).
0
Let l(h) = 1707*h**3 + h - 3*h**2 - 1705*h**3 + 10*h**2 + 17*h**2. Determine l(-12).
-12
Let w(j) = 60*j + 4273. Let r be w(-71). Let t(a) be the second derivative of -r*a - 3/2*a**2 + 1/6*a**3 + 0. Determine t(4).
1
Let w(c) = -4*c**2 + 100*c - 1. Let s be w(25). Let d(y) = 9*y**3 + 5*y + 2. Let x(f) = 11*f**3 + 3*f + 1. Let m(z